1b1e5 - 2?
1b1e3
In base 14, what is 6 + -64c?
-646
In base 11, what is 3 - 48869?
-48866
In base 16, what is -d - -18ae0?
18ad3
In base 8, what is -27354 + 0?
-27354
In base 7, what is -50 + -1603?
-1653
In base 5, what is 4314311 + -4?
4314302
In base 4, what is -12 - -331202?
331130
In base 11, what is 10 + 280a?
281a
In base 10, what is -324 + -118?
-442
In base 4, what is -20202 - 113?
-20321
In base 14, what is 60b15 - 3?
60b12
In base 3, what is 22011010 + 20002?
22101012
In base 5, what is 4 + 2103132?
2103141
In base 7, what is 61665 - -133?
62131
In base 2, what is -1000000101001011 + 1000?
-1000000101000011
In base 3, what is -11110112012 + 0?
-11110112012
In base 7, what is 63061324 - 0?
63061324
In base 2, what is 100011010 + 101010111?
1001110001
In base 3, what is 20 - -112011011?
112011101
In base 16, what is -a9 + -121c?
-12c5
In base 4, what is -101221 + 222?
-100333
In base 15, what is 77 - 4eb?
-474
In base 14, what is -931c + -9?
-9327
In base 5, what is -10 + 14044412?
14044402
In base 13, what is 507 - -167c?
1b86
In base 16, what is 4 + -c7b9?
-c7b5
In base 13, what is -388 + 28?
-360
In base 4, what is -223122012 - -100?
-223121312
In base 10, what is 275065 - -1?
275066
In base 6, what is 3213 - -21531?
25144
In base 14, what is 531a + -12?
5308
In base 16, what is -323 + af?
-274
In base 2, what is 11101010 - 11110?
11001100
In base 16, what is 5 + 1a0c8e?
1a0c93
In base 16, what is -53 - df?
-132
In base 10, what is 11441 - 178?
11263
In base 2, what is 1000 - 11001001101010?
-11001001100010
In base 12, what is 352a - -13b?
3669
In base 15, what is -3ea7d - -2?
-3ea7b
In base 13, what is -91298 - -3?
-91295
In base 7, what is 6324 - 101?
6223
In base 6, what is -10424410 - 0?
-10424410
In base 14, what is 78 - -132?
1aa
In base 12, what is 3b5 + -a4?
311
In base 4, what is -13211310 + -1221?
-13213131
In base 14, what is 1b + -7b?
-60
In base 6, what is 24155 + 532?
25131
In base 11, what is 47 - -6839?
6885
In base 13, what is 382 - -20?
3a2
In base 7, what is 65 - 14063?
-13665
In base 16, what is -1 + 1672?
1671
In base 10, what is 14 - 72?
-58
In base 14, what is 4 - -509b?
50a1
In base 12, what is -880 - 66?
-926
In base 11, what is -528 + 41?
-497
In base 13, what is c4a + 28?
c75
In base 9, what is -647 + -107?
-755
In base 11, what is 4 + 24687?
24690
In base 16, what is -382e0 - -2?
-382de
In base 4, what is -211 + -100330131?
-100331002
In base 6, what is -223 + -1035?
-1302
In base 16, what is -754de + -1?
-754df
In base 15, what is 34 + -961?
-92c
In base 7, what is 104 - -46?
153
In base 4, what is 3122011112 - 1?
3122011111
In base 5, what is -4 - -403322?
403313
In base 6, what is 10133 + 41?
10214
In base 16, what is -92387 - -1?
-92386
In base 4, what is 10011011312 - 1?
10011011311
In base 2, what is 11100 - -100110100111010?
100110101010110
In base 11, what is -9a17 - -36?
-9991
In base 4, what is 3 + -3012030?
-3012021
In base 4, what is 21011 - -2112?
23123
In base 12, what is 6 + -7?
-1
In base 7, what is 126 - -52640?
53066
In base 9, what is -30 - 2515?
-2545
In base 8, what is -645 + -3262?
-4127
In base 16, what is d939 - -3e?
d977
In base 8, what is -45 - 7614?
-7661
In base 9, what is -348 - -235?
-113
In base 7, what is 2416412 + -2?
2416410
In base 7, what is -1354 - 41?
-1425
In base 3, what is 20 - -1210111?
1210201
In base 2, what is 1011 + 100000001000110?
100000001010001
In base 7, what is -15 + 2260?
2242
In base 11, what is -5 + -112083?
-112088
In base 16, what is 172 - -7?
179
In base 10, what is 5492 - -2?
5494
In base 15, what is 1cc062 + 5?
1cc067
In base 7, what is -114 + -1051?
-1165
In base 14, what is -8066 - -3?
-8063
In base 14, what is -106 - 77?
-17d
In base 10, what is -3431 + -20?
-3451
In base 2, what is -10111010001010 - -101?
-10111010000101
In base 13, what is 1549 + 1?
154a
In base 7, what is -5 - 3231400?
-3231405
In base 14, what is -28 - cd8?
-d22
In base 4, what is -201330 + 30?
-201300
In base 7, what is -356 - 5106?
-5465
In base 10, what is 3 - -185672?
185675
In base 7, what is 34 - 21333?
-21266
In base 7, what is -130 + -14251?
-14411
In base 6, what is 500 + -335?
121
In base 7, what is 1132205 - 5?
1132200
In base 3, what is 112102 - -101012?
220121
In base 11, what is 4 + 178901?
178905
In base 13, what is 14234 - 4?
14230
In base 8, what is -1 + 37705?
37704
In base 15, what is -403 + -d1?
-4d4
In base 14, what is -279dd8 - 2?
-279dda
In base 16, what is -38 - -a7a?
a42
In base 5, what is 0 - -400422?
400422
In base 13, what is 671a + 3?
6720
In base 8, what is -40 + -3237?
-3277
In base 2, what is -11100101001001 + -1?
-11100101001010
In base 4, what is -102303 + -2033?
-111002
In base 6, what is 340 - 12132?
-11352
In base 14, what is 98a + 47a?
1026
In base 10, what is -35479 - -1?
-35478
In base 3, what is 20100 + 120?
20220
In base 14, what is 3 - 424d3?
-424d0
In base 9, what is 1660 + 178?
1848
In base 12, what is 53b + -a22?
-4a3
In base 10, what is 9 + -1708?
-1699
In base 3, what is -12 - 12201212001?
-12201212020
In base 9, what is -1402 - 4?
-1406
In base 3, what is -22101110 - 2001?
-22110111
In base 3, what is -2011 + 22121?
20110
In base 3, what is -21012002021 - 20?
-21012002111
In base 2, what is 10010000110 + 1110111?
10011111101
In base 12, what is -691 - bb1?
-1682
In base 4, what is -3 + -10332302230?
-10332302233
In base 13, what is -1244 - -11?
-1233
In base 15, what is ce971 + -3?
ce96d
In base 14, what is 107047 - 1?
107046
In base 15, what is 2 - -579da?
579dc
In base 6, what is -1 + 41012?
41011
In base 3, what is -201 - 1211120201?
-1211121102
In base 14, what is -44a1 - -8?
-4497
In base 4, what is -100330 - -13?
-100311
In base 7, what is -10651243 + -4?
-10651250
In base 14, what is 460 - -1ba?
63a
In base 8, what is -72114 + 13?
-72101
In base 13, what is -1783 - 342?
-1ac5
In base 2, what is -1001111101010 - 1001?
-1001111110011
In base 14, what is 306 + -ba?
22a
In base 3, what is -2002010022 - -12?
-2002010010
In base 13, what is -37 + 16ba4?
16b6a
In base 16, what is 128 - -c9?
1f1
In base 10, what is -3 - 10092?
-10095
In base 4, what is 11 + 1133122?
1133133
In base 8, what is 36661 + 1?
36662
In base 5, what is -1 - 100301?
-100302
In base 16, what is -7 - -10b74?
10b6d
In base 7, what is -11260 - -54?
-11203
In base 3, what is 2 - -12112002?
12112011
In base 8, what is 5533 - 10?
5523
In base 5, what is 11 + -22041?
-22030
In base 2, what is -1011110010 + -1000101?
-1100110111
In base 8, what is -552 + 131?
-421
In base 2, what is -10 + -1000010101000011?
-1000010101000101
In base 2, what is -111 + -11010010101000?
-11010010101111
In base 8, what is 366 - -1212?
1600
In base 5, what is -1134313204 + -2?
-1134313211
In base 4, what is -1130 - -1221333?
1220203
In base 12, what is 1b08b0 - a?
1b08a2
In base 2, what is 1100011001111011 + 0?
1100011001111011
In base 10, what is -3769 - -149?
-3620
In base 3, what is 122012210 - 200?
122012010
In base 16, what is -ab2 - 3?
-ab5
In base 14, what is -b5 - bb?
-192
In base 2, what is 10101101101110110010 + 10?
10101101101110110100
In base 8, what is -27 + -2520?
-2547
In base 8, what is -1175 - -2533?
1336
In base 11, what is 1a15 - -95?
1aaa
In base 9, what is 3 - 126578?
-126575
In base 16, what is -1 + 1cc43?
1cc42
In base 6, what is 1224 - 2?
1222
In base 9, what is 81261 + -10?
81251
In base 6, what is -1 - -31510?
31505
In base 12, what is -52b - -484?
-67
In base 16, what is -2b0b + 58?
-2ab3
In base 16, what is -2b1 + 34?
-27d
In base 14, what is -536 - -1db?
-339
In base 7, what is 632 - 2540?
-1605
In base 2, what is 11 + -110110100101?
-110110100010
In base 4, what is -321310021 + -2?
-321310023
In base 12, what is -74 - -180?
108
In base 14, what is 18784 + 1?
18785
In base 16, what is -162 + 3dd?
27b
In base 2, what is 1111 - 11111100101?
-11111010110
In base 4, what is -331212 - -13?
-331133
In base 8, what is -133272 - 33?
-133325
In base 8, what is -151 - -4170?
4017
In base 13, what is 443 + -44?
3cc
In base 16, what is 633 - 6?
62d
In base 11, what is -5 - -6212?
6208
In base 9, what is -4 + 288?
284
In base 8, what is 3 + 64766?
64771
In base 13, what is 48b08 + 2?
48b0a
In base 12, what is -4185 + -18?
-41a1
In base 9, what is -305438 - 3?
